 the remainder when w(-3) is divided by q(-9)?
8
Let k(s) = -205*s**3 - s**2 + 3*s + 3. Calculate the remainder when k(-1) is divided by 52.
48
Let s(d) = -d**3 - 8*d**2 - 8*d + 5. Calculate the remainder when s(-8) is divided by 18.
15
Suppose 0 = 3*b + 2*b - 55. Let q(t) = 6*t**2 - 30*t - 4. Calculate the remainder when q(6) is divided by b.
10
Suppose 0 = -5*x + 28 + 72. What is the remainder when 35 is divided by x?
15
Let m = -126 + 182. Calculate the remainder when m is divided by 12.
8
Let n be 1 + (15/3 - 3). Let l(m) be the first derivative of m**3/3 + 3*m**2/2 + m - 2. What is the remainder when l(n) is divided by 11?
8
Let r = -38 - -59. What is the remainder when 60 is divided by r?
18
Suppose 4*r = -4*b - 20, b = 5*r - 3*r + 16. Let u = 12 + r. What is the remainder when u is divided by 2?
1
Suppose -3*f + 6 = 3. Let r be (-1)/(-5) + f/(-5). Suppose -y - 5 + 33 = r. What is the remainder when y is divided by 15?
13
Suppose 4*t = -2*p + 488, 0*t + 20 = 5*t. What is the remainder when p is divided by 34?
32
Let t = 40 + -25. Suppose -2*b - 3*g = 6, b + 5*g + 26 = 3*b. Suppose b*n + 2*n = 145. Calculate the remainder when n is divided by t.
14
Let u(h) = -h**2 + 6*h + 7. Let i = 0 + 5. Calculate the remainder when 33 is divided by u(i).
9
Let i(k) = k**2 + 10*k + 1. Let b(v) = -v**2 - 10*v - 2. Let t(h) = 2*b(h) + 3*i(h). What is the remainder when t(-12) is divided by 12?
11
Let v = -24 + 36. Calculate the remainder when 33 is divided by v.
9
Let g be 3/6*(11 + 1). What is the remainder when 20 is divided by 2*(-1)/(g/(-21))?
6
Let o(y) = 18*y**3 - y. What is the remainder when 48 is divided by o(1)?
14
Suppose 40 = 5*o + 5*i, i = 4 - 1. Let l(c) = -c**2 + c + 3. Let p be l(0). Suppose 0 = -p*n + 39. Calculate the remainder when n is divided by o.
3
Let f(t) be the first derivative of t**4/2 - 4*t**3/3 - t**2/2 + t + 1. Suppose -20*i + 16*i = -124. What is the remainder when i is divided by f(3)?
15
Suppose 0 = 6*l - 161 + 23. What is the remainder when 66 is divided by l?
20
Suppose 18 = -r + 2*r. What is the remainder when r is divided by 7?
4
Let b be (280/(-25))/((-2)/(-15)). Calculate the remainder when (-4)/10 - b/10 is divided by 3.
2
Let c(b) = 10*b**3 - b**2 + b. What is the remainder when 38 is divided by c(1)?
8
Let y(c) = c**2 + 6*c + 1. Let i be y(-5). Let q(g) = g**3 + 5*g**2 + 2*g + 3. Calculate the remainder when q(i) is divided by 7.
4
Let q(p) = 14*p - 8. Calculate the remainder when q(4) is divided by 25.
23
Let v be (-1)/1 - (4 - 3). Calculate the remainder when -3 - v - (-25 - -2) is divided by 12.
10
Suppose 65*c = 68*c - 198. Calculate the remainder when c is divided by 35.
31
Suppose 0 = -2*u - u + 42. Let y(m) = -m - 2. Let q be y(-4). Suppose 2*v - 3*o - 86 = 0, 5*v - 3*o - 210 = q*o. Calculate the remainder when v is divided by u.
12
Let f be 44/(6/3) + 1. Let l(w) = 3*w**2 - 2*w - 2. Let n be l(-2). Suppose -j = -n - f. Calculate the remainder when j is divided by 13.
11
Let m = -2 + 1. Suppose 2*o + 4 = 18. What is the remainder when m/(((-6)/38)/3) is divided by o?
5
Suppose -3*w = -m + 16, 3*m = -5*w + 10 + 24. Calculate the remainder when m is divided by 3.
1
Suppose 3*o - 147 = -9. Let y be (-33 + -1)*(-3)/(-6). Let b = y + o. What is the remainder when b is divided by 10?
9
Suppose -5*u = -4*f + 10, 4*u + 8 = 5*f - 10*f. What is the remainder when 75 is divided by (u - 0)/(4/(-38))?
18
Let f = 129 - 80. Suppose 3*b = -0*t - 3*t + 66, -5*t + 2*b + 75 = 0. What is the remainder when f is divided by t?
15
Suppose -5*o + 6 = -4. What is the remainder when 6 is divided by o?
0
Calculate the remainder when 258/9 - (-4)/12 is divided by 8.
5
What is the remainder when (-18)/30 + (-216)/(-10) is divided by 11?
10
Let o be (-2)/(-3) - (-2)/(-3). Suppose o = -3*u - 0*u + 135. Suppose 3*b - 2*t - 98 = -21, 2*b = -5*t + u. What is the remainder when b is divided by 9?
7
Let a = -575 - -593. Let z(v) = v**2 - 4*v + 4. Calculate the remainder when a is divided by z(4).
2
What is the remainder when 5 is divided by (-14)/(-21)*(4 + -1)?
1
Suppose -n - 4*c = -6*c + 28, n + 3*c = -38. Calculate the remainder when 9 is divided by (n/40)/(1/(-5)).
1
Suppose 5*s + 2*l - 76 = 0, 30 = 3*s + l - 5*l. Let c = 21 - s. What is the remainder when 11 is divided by c?
4
Let s = 55 + -23. Calculate the remainder when 63 is divided by s.
31
Suppose o - 5*y = 70, -2*o = y + 40 - 125. What is the remainder when o is divided by 23?
22
Let b(p) = -3*p**2 + 2*p - 1. Let z = -2 - -3. Let v be b(z). Let n = 12 + v. Calculate the remainder when 18 is divided by n.
8
Suppose 2*h = -2*h - 4. Let w = h + 5. Calculate the remainder when 13 is divided by w.
1
Suppose -2*d = -3*p - 29, 10 = 3*d + 2*p - 14. What is the remainder when d is divided by 9?
1
Let g(r) = -r + 36. Calculate the remainder when g(10) is divided by 14.
12
Let n(b) = -b**3 + 6*b**2 + 3. Let r be n(6). Suppose -y - 28 = -r*y. Let d = -26 + 66. What is the remainder when d is divided by y?
12
Suppose 4*o + 63 = 5*z - 4, 2*z + o - 32 = 0. Calculate the remainder when 28 is divided by z.
13
Suppose 3*w = 2*s + 413, w = -2*w + 5*s + 407. What is the remainder when w is divided by 35?
34
Suppose -4*i + 48 = -0*i. Let r = -19 - -11. Calculate the remainder when r/32 + (-85)/(-4) is divided by i.
9
Suppose -2*w + 7 = -w. What is the remainder when 38/3 + (-2)/3 is divided by w?
5
What is the remainder when (-146)/(-6) - 3/9 is divided by 2?
0
Let r = -54 + 65. What is the remainder when 108 is divided by r?
9
Suppose 0 = -5*g - 20, -m - g + 0*g = -238. Suppose 4*p + 0*y + y - m = 0, 2*y - 179 = -3*p. Calculate the remainder when p is divided by 21.
19
Let r(w) = 3*w**2 + 10*w + 7. Calculate the remainder when 58 is divided by r(-4).
13
Let a = -5 - -11. What is the remainder when 24 is divided by 2/a*(-2 + 41)?
11
Suppose 2*l - 42 = 4*t, -2*l - 2*t + 4 = -20. Let z = -7 + 11. What is the remainder when l is divided by z?
3
Let p(l) = l**3 - l + 33. Suppose 0 = 4*j - 5*j + 4*g + 36, g = j - 39. Suppose -j = -2*s - 6. What is the remainder when p(0) is divided by s?
16
Let f(h) = h**3 + 11*h**2 + 11*h + 23. What is the remainder when f(-10) is divided by 8?
5
Suppose -3*g = -5*f - 6*g + 35, -3*f + 7 = -g. What is the remainder when 17 is divided by f?
1
Let t(i) = i**2 - 4*i - 8. Let j be t(8). Suppose -g + j = 2*g. What is the remainder when 22 is divided by g?
6
Suppose i = -5 + 11. Calculate the remainder when 13 is divided by i.
1
Suppose 39*g - 40*g = -28. Suppose 0 = -g*r + 27*r + 28. Let f = 8 - -2. What is the remainder when r is divided by f?
8
Suppose 2*z + y = 12, 0 = 5*z + 2*y - 20 - 8. Let h(i) = -6*i - 6. Calculate the remainder when h(-4) is divided by z.
2
Let d(o) = -o**2 + 21*o + 4. What is the remainder when d(15) is divided by 12?
10
Let v = -3 - -5. Calculate the remainder when 6 is divided by v.
0
Let x = -24 + 35. Let o(i) = -i**3 - 6*i**2 - 4*i + 8. Let p(b) = -b**3 + b**2 + 4*b. Let r be p(3). Calculate the remainder when o(r) is divided by x.
10
Suppose -c = 4*c - 60. Calculate the remainder when 33 is divided by c.
9
Calculate the remainder when 39 is divided by ((-2)/3)/((-4)/36).
3
Suppose -48 = -3*q + y, -3*q + 54 = -0*q - 3*y. What is the remainder when 56 is divided by q?
11
Suppose 3*v - 3*k - 6 = 93, 0 = -2*v - 3*k + 41. Calculate the remainder when v is divided by 2/(-9) + (-137)/(-9).
13
Suppose 1 = w - 14. Let r be 19/3 + (-5)/w. What is the remainder when 1*3/(r/38) is divided by 10?
9
Let z = 31 + -47. What is the remainder when 13 is divided by (-12)/8*z/3?
5
Let b(j) = 4*j**2 - 4*j + 4. Let s be b(3). Suppose x = 2*x - 20. What is the remainder when x is divided by s/6*(-12)/(-8)?
6
Let n(y) = -11*y - 61. What is the remainder when 103 is divided by n(-8)?
22
Let o(q) = -4*q + 4 + 5 - 6 + 5*q. What is the remainder when o(5) is divided by 5?
3
Let g = 26 + -1. Let r = 11 + 22. Let z = r + -20. What is the remainder when g is divided by z?
12
Let f(o) = 23*o**3 - 5*o**2 + 2*o + 4. What is the remainder when f(2) is divided by 35?
32
Calculate the remainder when 8 is divided by (-16)/72 + 29/9.
2
Suppose 4*j - 49 = 2*w + 39, 0 = -j - 5*w + 33. Suppose j = 4*g + 3. Suppose -17 = -g*b - 5*r + 8, -3*r = -b + 9. What is the remainder when 11 i